{"id":1801,"date":"2024-04-25T18:56:55","date_gmt":"2024-04-25T18:56:55","guid":{"rendered":"https:\/\/in-memoriam.si\/povlacenje-ugovora\/"},"modified":"2024-04-25T18:56:55","modified_gmt":"2024-04-25T18:56:55","slug":"povlacenje-ugovora","status":"publish","type":"page","link":"https:\/\/in-memoriam.si\/hr\/povlacenje-ugovora\/","title":{"rendered":"povla\u010denje ugovora"},"content":{"rendered":"<p style=\"text-align: left;\">Usluga koju naru\u010dujete putem web stranice in-memoriam.si je netipi\u010dna i izra\u0111uje se ili prilago\u0111ava za odre\u0111enu osobu prema narud\u017ebi i uputama naru\u010ditelja te se ne mo\u017ee koristiti u druge svrhe, stoga se za ovu vrijede sljede\u0107e odredbe servis:<\/p>\n<p style=\"text-align: left;\"><strong>Potro\u0161a\u010d nema pravo odustati od ugovora:<\/strong><\/p>\n<p style=\"text-align: left;\"><strong>kod ugovora \u010diji je predmet roba proizvedena prema to\u010dnim uputama potro\u0161a\u010da, prilago\u0111ena njegovim osobnim potrebama, a koja zbog svoje prirode nije prikladna za povrat.<\/strong><\/p>\n<p>Ako nalog izvr\u0161ava pravna ili fizi\u010dka osoba koja obavlja djelatnost stjecanjem dobiti, neovisno o pravno ustrojstvenom obliku ili vlasni\u0161tvu, na nju se ne primjenjuju odredbe ove glave. U tim slu\u010dajevima \u0107emo Va\u0161e zahtjeve za povratom robe rje\u0161avati individualno, uzimaju\u0107i u obzir u najve\u0107oj mogu\u0107oj mjeri sve razloge i okolnosti kao i mogu\u0107nosti koje pru\u017eaju na\u0161i dobavlja\u010di.<\/p>\n<p><a href=\"https:\/\/in-memoriam.si\/hr\/uvjeti-poslovanja\/\" target=\"_blank\" rel=\"noopener\">Za ostale informacije o uvjetima poslovanja posjetite web stranicu ovdje<\/a><\/p>\n<p>&nbsp;<\/p>\n","protected":false},"excerpt":{"rendered":"<p>Usluga koju naru\u010dujete putem web stranice in-memoriam.si je netipi\u010dna i izra\u0111uje se ili prilago\u0111ava za odre\u0111enu osobu prema narud\u017ebi i<\/p>\n","protected":false},"author":1,"featured_media":0,"parent":0,"menu_order":0,"comment_status":"closed","ping_status":"closed","template":"","meta":{"footnotes":""},"yoast_head":"<!-- This site is optimized with the Yoast SEO Premium plugin v23.5 (Yoast SEO v24.5) - https:\/\/yoast.com\/wordpress\/plugins\/seo\/ -->\n<title>povla\u010denje ugovora - in memoriam<\/title>\n<meta name=\"robots\" content=\"index, follow, max-snippet:-1, max-image-preview:large, max-video-preview:-1\" \/>\n<link rel=\"canonical\" href=\"https:\/\/in-memoriam.si\/hr\/povlacenje-ugovora\/\" \/>\n<meta property=\"og:locale\" content=\"hr_HR\" \/>\n<meta property=\"og:type\" content=\"article\" \/>\n<meta property=\"og:title\" content=\"povla\u010denje ugovora\" \/>\n<meta property=\"og:description\" content=\"Usluga koju naru\u010dujete putem web stranice in-memoriam.si je netipi\u010dna i izra\u0111uje se ili prilago\u0111ava za odre\u0111enu osobu prema narud\u017ebi i\" \/>\n<meta property=\"og:url\" content=\"https:\/\/in-memoriam.si\/hr\/povlacenje-ugovora\/\" \/>\n<meta property=\"og:site_name\" content=\"in memoriam\" \/>\n<meta property=\"article:publisher\" content=\"https:\/\/www.facebook.com\/FotoSimonka\" \/>\n<meta property=\"og:image\" content=\"https:\/\/in-memoriam.si\/wp-content\/uploads\/2024\/05\/inmemoriam-014.webp\" \/>\n\t<meta property=\"og:image:width\" content=\"2200\" \/>\n\t<meta property=\"og:image:height\" content=\"1257\" \/>\n\t<meta property=\"og:image:type\" content=\"image\/webp\" \/>\n<meta name=\"twitter:card\" content=\"summary_large_image\" \/>\n<meta name=\"twitter:label1\" content=\"Procijenjeno vrijeme \u010ditanja\" \/>\n\t<meta name=\"twitter:data1\" content=\"1 minuta\" \/>\n<script type=\"application\/ld+json\" class=\"yoast-schema-graph\">{\"@context\":\"https:\/\/schema.org\",\"@graph\":[{\"@type\":\"WebPage\",\"@id\":\"https:\/\/in-memoriam.si\/hr\/povlacenje-ugovora\/\",\"url\":\"https:\/\/in-memoriam.si\/hr\/povlacenje-ugovora\/\",\"name\":\"povla\u010denje ugovora - in memoriam\",\"isPartOf\":{\"@id\":\"https:\/\/in-memoriam.si\/hr\/#website\"},\"datePublished\":\"2024-04-25T18:56:55+00:00\",\"breadcrumb\":{\"@id\":\"https:\/\/in-memoriam.si\/hr\/povlacenje-ugovora\/#breadcrumb\"},\"inLanguage\":\"hr\",\"potentialAction\":[{\"@type\":\"ReadAction\",\"target\":[\"https:\/\/in-memoriam.si\/hr\/povlacenje-ugovora\/\"]}]},{\"@type\":\"BreadcrumbList\",\"@id\":\"https:\/\/in-memoriam.si\/hr\/povlacenje-ugovora\/#breadcrumb\",\"itemListElement\":[{\"@type\":\"ListItem\",\"position\":1,\"name\":\"Home\",\"item\":\"https:\/\/in-memoriam.si\/hr\/in-memoriam\/\"},{\"@type\":\"ListItem\",\"position\":2,\"name\":\"povla\u010denje ugovora\"}]},{\"@type\":\"WebSite\",\"@id\":\"https:\/\/in-memoriam.si\/hr\/#website\",\"url\":\"https:\/\/in-memoriam.si\/hr\/\",\"name\":\"in memoriam - v spomin\",\"description\":\"spomini na na&scaron;e drage pokojne\",\"publisher\":{\"@id\":\"https:\/\/in-memoriam.si\/hr\/#organization\"},\"alternateName\":\"Plo\u0161\u010dice s QR kodo\",\"potentialAction\":[{\"@type\":\"SearchAction\",\"target\":{\"@type\":\"EntryPoint\",\"urlTemplate\":\"https:\/\/in-memoriam.si\/hr\/?s={search_term_string}\"},\"query-input\":{\"@type\":\"PropertyValueSpecification\",\"valueRequired\":true,\"valueName\":\"search_term_string\"}}],\"inLanguage\":\"hr\"},{\"@type\":\"Organization\",\"@id\":\"https:\/\/in-memoriam.si\/hr\/#organization\",\"name\":\"in memoriam\",\"url\":\"https:\/\/in-memoriam.si\/hr\/\",\"logo\":{\"@type\":\"ImageObject\",\"inLanguage\":\"hr\",\"@id\":\"https:\/\/in-memoriam.si\/hr\/#\/schema\/logo\/image\/\",\"url\":\"https:\/\/in-memoriam.si\/wp-content\/uploads\/2024\/04\/inmemoriam-web-logo.webp\",\"contentUrl\":\"https:\/\/in-memoriam.si\/wp-content\/uploads\/2024\/04\/inmemoriam-web-logo.webp\",\"width\":300,\"height\":50,\"caption\":\"in memoriam\"},\"image\":{\"@id\":\"https:\/\/in-memoriam.si\/hr\/#\/schema\/logo\/image\/\"},\"sameAs\":[\"https:\/\/www.facebook.com\/FotoSimonka\"]}]}<\/script>\n<!-- \/ Yoast SEO Premium plugin. -->","yoast_head_json":{"title":"povla\u010denje ugovora - in memoriam","robots":{"index":"index","follow":"follow","max-snippet":"max-snippet:-1","max-image-preview":"max-image-preview:large","max-video-preview":"max-video-preview:-1"},"canonical":"https:\/\/in-memoriam.si\/hr\/povlacenje-ugovora\/","og_locale":"hr_HR","og_type":"article","og_title":"povla\u010denje ugovora","og_description":"Usluga koju naru\u010dujete putem web stranice in-memoriam.si je netipi\u010dna i izra\u0111uje se ili prilago\u0111ava za odre\u0111enu osobu prema narud\u017ebi i","og_url":"https:\/\/in-memoriam.si\/hr\/povlacenje-ugovora\/","og_site_name":"in memoriam","article_publisher":"https:\/\/www.facebook.com\/FotoSimonka","og_image":[{"width":2200,"height":1257,"url":"https:\/\/in-memoriam.si\/wp-content\/uploads\/2024\/05\/inmemoriam-014.webp","type":"image\/webp"}],"twitter_card":"summary_large_image","twitter_misc":{"Procijenjeno vrijeme \u010ditanja":"1 minuta"},"schema":{"@context":"https:\/\/schema.org","@graph":[{"@type":"WebPage","@id":"https:\/\/in-memoriam.si\/hr\/povlacenje-ugovora\/","url":"https:\/\/in-memoriam.si\/hr\/povlacenje-ugovora\/","name":"povla\u010denje ugovora - in memoriam","isPartOf":{"@id":"https:\/\/in-memoriam.si\/hr\/#website"},"datePublished":"2024-04-25T18:56:55+00:00","breadcrumb":{"@id":"https:\/\/in-memoriam.si\/hr\/povlacenje-ugovora\/#breadcrumb"},"inLanguage":"hr","potentialAction":[{"@type":"ReadAction","target":["https:\/\/in-memoriam.si\/hr\/povlacenje-ugovora\/"]}]},{"@type":"BreadcrumbList","@id":"https:\/\/in-memoriam.si\/hr\/povlacenje-ugovora\/#breadcrumb","itemListElement":[{"@type":"ListItem","position":1,"name":"Home","item":"https:\/\/in-memoriam.si\/hr\/in-memoriam\/"},{"@type":"ListItem","position":2,"name":"povla\u010denje ugovora"}]},{"@type":"WebSite","@id":"https:\/\/in-memoriam.si\/hr\/#website","url":"https:\/\/in-memoriam.si\/hr\/","name":"in memoriam - v spomin","description":"spomini na na&scaron;e drage pokojne","publisher":{"@id":"https:\/\/in-memoriam.si\/hr\/#organization"},"alternateName":"Plo\u0161\u010dice s QR kodo","potentialAction":[{"@type":"SearchAction","target":{"@type":"EntryPoint","urlTemplate":"https:\/\/in-memoriam.si\/hr\/?s={search_term_string}"},"query-input":{"@type":"PropertyValueSpecification","valueRequired":true,"valueName":"search_term_string"}}],"inLanguage":"hr"},{"@type":"Organization","@id":"https:\/\/in-memoriam.si\/hr\/#organization","name":"in memoriam","url":"https:\/\/in-memoriam.si\/hr\/","logo":{"@type":"ImageObject","inLanguage":"hr","@id":"https:\/\/in-memoriam.si\/hr\/#\/schema\/logo\/image\/","url":"https:\/\/in-memoriam.si\/wp-content\/uploads\/2024\/04\/inmemoriam-web-logo.webp","contentUrl":"https:\/\/in-memoriam.si\/wp-content\/uploads\/2024\/04\/inmemoriam-web-logo.webp","width":300,"height":50,"caption":"in memoriam"},"image":{"@id":"https:\/\/in-memoriam.si\/hr\/#\/schema\/logo\/image\/"},"sameAs":["https:\/\/www.facebook.com\/FotoSimonka"]}]}},"_links":{"self":[{"href":"https:\/\/in-memoriam.si\/hr\/wp-json\/wp\/v2\/pages\/1801"}],"collection":[{"href":"https:\/\/in-memoriam.si\/hr\/wp-json\/wp\/v2\/pages"}],"about":[{"href":"https:\/\/in-memoriam.si\/hr\/wp-json\/wp\/v2\/types\/page"}],"author":[{"embeddable":true,"href":"https:\/\/in-memoriam.si\/hr\/wp-json\/wp\/v2\/users\/1"}],"replies":[{"embeddable":true,"href":"https:\/\/in-memoriam.si\/hr\/wp-json\/wp\/v2\/comments?post=1801"}],"version-history":[{"count":0,"href":"https:\/\/in-memoriam.si\/hr\/wp-json\/wp\/v2\/pages\/1801\/revisions"}],"wp:attachment":[{"href":"https:\/\/in-memoriam.si\/hr\/wp-json\/wp\/v2\/media?parent=1801"}],"curies":[{"name":"wp","href":"https:\/\/api.w.org\/{rel}","templated":true}]}}

povlačenje ugovora

<p style="text-align: left;">Usluga koju naručujete putem web stranice in-memoriam.si je netipična i izrađuje se ili prilagođava za određenu osobu prema narudžbi i uputama naručitelja te se ne može koristiti u druge svrhe, stoga se za ovu vrijede sljedeće odredbe servis:</p>
<p style="text-align: left;"><strong>Potrošač nema pravo odustati od ugovora:</strong></p>
<p style="text-align: left;"><strong>kod ugovora čiji je predmet roba proizvedena prema točnim uputama potrošača, prilagođena njegovim osobnim potrebama, a koja zbog svoje prirode nije prikladna za povrat.</strong></p>
<p>Ako nalog izvršava pravna ili fizička osoba koja obavlja djelatnost stjecanjem dobiti, neovisno o pravno ustrojstvenom obliku ili vlasništvu, na nju se ne primjenjuju odredbe ove glave. U tim slučajevima ćemo Vaše zahtjeve za povratom robe rješavati individualno, uzimajući u obzir u najvećoj mogućoj mjeri sve razloge i okolnosti kao i mogućnosti koje pružaju naši dobavljači.</p>
<p><a href="https://in-memoriam.si/hr/uvjeti-poslovanja/" target="_blank" rel="noopener">Za ostale informacije o uvjetima poslovanja posjetite web stranicu ovdje</a></p>
<p>&nbsp;</p>

<p>Usluga koju naručujete putem web stranice in-memoriam.si je netipična i izrađuje se ili prilagođava za određenu osobu prema narudžbi i</p>

<!-- This site is optimized with the Yoast SEO Premium plugin v23.5 (Yoast SEO v24.5) - https://yoast.com/wordpress/plugins/seo/ -->
<title>povlačenje ugovora - in memoriam</title>
<meta name="robots" content="index, follow, max-snippet:-1, max-image-preview:large, max-video-preview:-1" />
<link rel="canonical" href="https://in-memoriam.si/hr/povlacenje-ugovora/" />
<meta property="og:locale" content="hr_HR" />
<meta property="og:type" content="article" />
<meta property="og:title" content="povlačenje ugovora" />
<meta property="og:description" content="Usluga koju naručujete putem web stranice in-memoriam.si je netipična i izrađuje se ili prilagođava za određenu osobu prema narudžbi i" />
<meta property="og:url" content="https://in-memoriam.si/hr/povlacenje-ugovora/" />
<meta property="og:site_name" content="in memoriam" />
<meta property="article:publisher" content="https://www.facebook.com/FotoSimonka" />
<meta property="og:image" content="https://in-memoriam.si/wp-content/uploads/2024/05/inmemoriam-014.webp" />
	<meta property="og:image:width" content="2200" />
	<meta property="og:image:height" content="1257" />
	<meta property="og:image:type" content="image/webp" />
<meta name="twitter:card" content="summary_large_image" />
<meta name="twitter:label1" content="Procijenjeno vrijeme čitanja" />
	<meta name="twitter:data1" content="1 minuta" />
<script type="application/ld+json" class="yoast-schema-graph">{"@context":"https://schema.org","@graph":[{"@type":"WebPage","@id":"https://in-memoriam.si/hr/povlacenje-ugovora/","url":"https://in-memoriam.si/hr/povlacenje-ugovora/","name":"povlačenje ugovora - in memoriam","isPartOf":{"@id":"https://in-memoriam.si/hr/#website"},"datePublished":"2024-04-25T18:56:55+00:00","breadcrumb":{"@id":"https://in-memoriam.si/hr/povlacenje-ugovora/#breadcrumb"},"inLanguage":"hr","potentialAction":[{"@type":"ReadAction","target":["https://in-memoriam.si/hr/povlacenje-ugovora/"]}]},{"@type":"BreadcrumbList","@id":"https://in-memoriam.si/hr/povlacenje-ugovora/#breadcrumb","itemListElement":[{"@type":"ListItem","position":1,"name":"Home","item":"https://in-memoriam.si/hr/in-memoriam/"},{"@type":"ListItem","position":2,"name":"povlačenje ugovora"}]},{"@type":"WebSite","@id":"https://in-memoriam.si/hr/#website","url":"https://in-memoriam.si/hr/","name":"in memoriam - v spomin","description":"spomini na na&scaron;e drage pokojne","publisher":{"@id":"https://in-memoriam.si/hr/#organization"},"alternateName":"Ploščice s QR kodo","potentialAction":[{"@type":"SearchAction","target":{"@type":"EntryPoint","urlTemplate":"https://in-memoriam.si/hr/?s={search_term_string}"},"query-input":{"@type":"PropertyValueSpecification","valueRequired":true,"valueName":"search_term_string"}}],"inLanguage":"hr"},{"@type":"Organization","@id":"https://in-memoriam.si/hr/#organization","name":"in memoriam","url":"https://in-memoriam.si/hr/","logo":{"@type":"ImageObject","inLanguage":"hr","@id":"https://in-memoriam.si/hr/#/schema/logo/image/","url":"https://in-memoriam.si/wp-content/uploads/2024/04/inmemoriam-web-logo.webp","contentUrl":"https://in-memoriam.si/wp-content/uploads/2024/04/inmemoriam-web-logo.webp","width":300,"height":50,"caption":"in memoriam"},"image":{"@id":"https://in-memoriam.si/hr/#/schema/logo/image/"},"sameAs":["https://www.facebook.com/FotoSimonka"]}]}</script>
<!-- / Yoast SEO Premium plugin. -->

povlačenje ugovora - in memoriam

Usluga koju naručujete putem web stranice in-memoriam.si je netipična i izrađuje se ili prilagođava za određenu osobu prema narudžbi i

Ploščice s QR kodo
